j(7).
2, 3, 13, 71
Let k(r) = 4*r + 12. Let j be k(-3). Suppose -2*b - 14 - 160 = j. Let c = -39 - b. List the prime factors of c.
2, 3
Let b = 964 - -260. Let t = b - 598. What are the prime factors of t?
2, 313
Let j be (70/14)/((-2)/(-2)). Suppose 2*x - 2*w = 16, -2*x - j*w - 13 = -64. Let q = x - 6. List the prime factors of q.
7
Suppose -135*h + 4*q = -134*h - 2545, -4*q = 4*h - 10180. List the prime factors of h.
5, 509
Let u(c) = -c**3 + 6*c**2 - 70*c + 488. Let l be u(7). Let n = -3 - 9. Let o = n - l. What are the prime factors of o?
3, 13
Let f = 66 - 56. Let q(k) = -642*k - 2. Let y be q(-1). Suppose -y + 120 = -f*x. What are the prime factors of x?
2, 13
Suppose -8*b - 7*b = -9*b - 71094. What are the prime factors of b?
17, 41
Let h(o) = -79*o + 344. List the prime factors of h(-14).
2, 5, 29
Let c be (-6 - 57/(-12))/((-1)/212). Let l = c + -248. What are the prime factors of l?
17
Let q(i) = -4*i - 94. Let r be q(-36). Suppose -44*j + r*j - 1356 = 0. What are the prime factors of j?
2, 113
Suppose -a + 4 = 0, 2*b - 3*b + 2*a - 4 = 0. Let k be (-18)/4*b/(-6). Suppose -k*d + 2*u + 518 = 212, 115 = d - 5*u. What are the prime factors of d?
2, 5
Suppose 0 = -5*s - 449 - 581. Let t = -82 - s. List the prime factors of t.
2, 31
Suppose 0 = 2*l + 5*s - 84836, 3*s + 61276 = 5*l - 150783. What are the prime factors of l?
7, 73, 83
Let w = -590 + 1179. Suppose 592*m - 1752 = w*m. What are the prime factors of m?
2, 73
Suppose -4*b - 2*a = 8464, 0 = -0*b - 2*b - 2*a - 4228. What are the prime factors of (-17 - -15)/((-3)/(b/(-4)))?
353
Suppose 59*r - 1015881 = -96*r - 136*r. List the prime factors of r.
3491
Let m(g) = 7*g**2 - 68*g. What are the prime factors of m(-17)?
11, 17
Suppose 3*b - x = 697, 3*b - 3*x - 687 = -0*x. Suppose -10*a + b = -a. What are the prime factors of a?
2, 13
Let r = -25631 - -31801. What are the prime factors of r?
2, 5, 617
Let l(a) = 4*a + 6*a**2 - 15*a**2 + 10*a**2 - 6 - 10*a**3. List the prime factors of l(-3).
3, 29
Suppose 4*g = 2*y - 62016, -4417 + 159489 = 5*y - 2*g. List the prime factors of y.
2, 3877
Let h = 1742 - -13983. What are the prime factors of h?
5, 17, 37
Suppose 0 = -15*d + 89109 + 92601. What are the prime factors of d?
2, 3, 673
What are the prime factors of 1*(3 + 14 + 3302)?
3319
Let s(p) = p**2 - 6*p - 4. Let v be s(7). Let o(h) = -6*h + 5*h + 5*h**2 - 5*h + h**v. What are the prime factors of o(-5)?
2, 3, 5
Let j(t) = 4*t**2 + 2*t + 5. Let h be j(-2). Suppose -3*a = -14 + h. What are the prime factors of 32/3*(a - -4)?
2
Suppose -5*w + 10 = -2*x, -4 = -45*w + 43*w + 2*x. Suppose -w*t + 443 = 3*t + 4*l, -t - l + 88 = 0. List the prime factors of t.
7, 13
Suppose -144*a + 55363 = -117*a - 658031. List the prime factors of a.
2, 11, 1201
Suppose -5*z = 5*p + 30, z - 6*p = -3*p + 14. Let o(t) = 134*t**2 + 7*t + 7. List the prime factors of o(z).
2, 67
Let t(f) = 126*f**2 + 3*f - 4. Suppose -47*u + 56*u = 9. List the prime factors of t(u).
5
List the prime factors of (-12 - (-145)/10) + (-167068)/(-8).
2, 3, 59
Let t = 25 - 76. Let y = -163 - t. Let h = -61 - y. What are the prime factors of h?
3, 17
Let x = -99 - -103. Suppose 0*z - x*z + 487 = -a, a + 514 = -5*z. Let f = -248 - a. What are the prime factors of f?
251
Let m(k) = -50*k**3 + k**2 + 112*k + 805. List the prime factors of m(-7).
2, 3, 5, 7, 41
Let a(n) = -n**3 - 2. Let c(l) = -8*l**3 - 16*l**2 + 25*l - 2. Let m(g) = 6*a(g) - c(g). List the prime factors of m(-9).
53
Suppose -3*d = d - 3840. Let c be d/(-5)*(-5)/2. Suppose -5*g - 45 = -c. What are the prime factors of g?
3, 29
Suppose -6*z + 10*z = 8. Let i(b) = -3*b - 5 - 14*b**z + 18*b**3 - 1 + 13*b**3 - 26*b**3. List the prime factors of i(5).
2, 127
Let t = -12674 + 7556. What are the prime factors of t/4*116/(-87)?
2, 853
Let s(o) = -o + 11. Let y be s(6). Suppose -y*t - 3340 = -9*t. Suppose t + 325 = 10*u. What are the prime factors of u?
2, 29
Let w(u) = -66*u**3 + 16*u + 54. What are the prime factors of w(-4)?
2, 7, 43
Let z(h) = -271*h + 2606. What are the prime factors of z(9)?
167
Suppose -4*z = 5*c - 52, 2*c = 2*z + 3*c - 20. Let m(s) = 28*s**2 - 3*s - 34. Let r be m(z). What are the prime factors of 4/(-14) - r/(-42)?
41
Let s be (-2115)/(-2)*172/430. Suppose -114 = t + 99. Let g = s + t. List the prime factors of g.
2, 3, 5, 7
Let z = 521 + -521. Suppose -2*r + 4*c + 1196 = z, -4*c - 1080 - 710 = -3*r. What are the prime factors of r?
2, 3, 11
Let i = 156 - 159. Let k(l) = -4*l**3 - l**2 + 8*l + 10. List the prime factors of k(i).
5, 17
Suppose 0 = 3*a - 54 + 9. Let r(s) be the second derivative of 2*s**3/3 + s**2 + 17*s. List the prime factors of r(a).
2, 31
Suppose -169*g - 1122 = -172*g. Let l = g - -214. What are the prime factors of l?
2, 3, 7
Let r be (4/(-8))/((-2)/(-20)). List the prime factors of (r - 2*(3 + -4)) + 73.
2, 5, 7
What are the prime factors of (-504)/216 + (62240/6 - 0)?
3, 3457
Suppose -3 = u + 3*k, 0*u = -2*u - 2*k - 10. Let a(l) = l**3 + 4*l**2 - 5*l - 12. Let h be a(u). Let n = h + 65. List the prime factors of n.
11
Let p(w) be the second derivative of 7*w**4/12 - 17*w**3/6 + 9*w**2/2 - 2*w + 3. List the prime factors of p(-10).
3, 293
Suppose 0*u - 260 = 4*u. Let n be 13/u + 52/10. Suppose 2*s + g = 5*g + 78, 2*s + n*g = 96. List the prime factors of s.
43
Let r be 62*(-4)/32*68. Let y = -131 - r. Suppose -4*k + 143 = 3*j - 386, -2*j + y = 3*k. List the prime factors of k.
2, 5, 13
Let l be (-1)/(-4)*(2 + 172 + -2). Suppose l = y + x, 8 = -y - 4*x + 60. What are the prime factors of y?
2, 5
Let c = -70 - -73. Suppose -j = 3*z - 102 - 228, -435 = -4*z - c*j. Let s = 210 - z. List the prime factors of s.
3, 11
Suppose -115848 = 5*m - 23*m. What are the prime factors of m?
2, 1609
Let a = -13738 + 23946. List the prime factors of a.
2, 11, 29
Suppose 117 + 3 = -10*m. Let p(s) = s**3 - 23 + 16*s**2 + 7*s - s**2 - 2*s**2. List the prime factors of p(m).
37
Let n(j) = 668*j + 4. List the prime factors of n(19).
2, 3, 23
Let z = 249 - 253. What are the prime factors of -9 - (-5 - z) - -1484?
2, 3, 41
Suppose -19*r - 6 = -17*r. Let h(y) = -11*y + 6. Let l be h(r). Suppose j - l - 85 = 0. What are the prime factors of j?
2, 31
Suppose -5*q = 3*g - 16, 4*g = 4*q - 0*q - 32. Suppose 1029 + 456 = q*w. Suppose 3*b = -3*c + w, b + 123 - 34 = c. List the prime factors of c.
2, 47
Suppose 893508 = 16887*s - 16859*s. List the prime factors of s.
3, 11, 967
Suppose 28*n + 3042 = 22*n. Let h = n - -892. List the prime factors of h.
5, 7, 11
Let u = 3073 + 77649. What are the prime factors of u?
2, 40361
Let i = -3408 - -4215. What are the prime factors of i?
3, 269
Suppose 28*d - 33*d + 540 = 0. Let i = d - 103. Suppose -i*x = -2*p + 317, 3*p - 226 = 4*x + 246. List the prime factors of p.
2, 3, 13
Let k = 27103 - 26578. List the prime factors of k.
3, 5, 7
Let n(o) = 79*o + 29. Let s be n(8). Let q = s + 3. List the prime factors of q.
2, 83
Suppose 3*g - 2*z - 38 = -g, -15 = 5*z. Suppose -2744 = u - g*u. What are the prime factors of u?
2, 7
Suppose 52*l - 838298 = 964352 - 63354. List the prime factors of l.
2, 37, 113
Suppose p = 2*p - 1. Let f be p + 3 - (11 - -3). What are the prime factors of (-34 + (-4 - f))/(4/(-18))?
2, 3, 7
Suppose 2*i - 161 + 151 = 0. List the prime factors of -5 + 805/46*444/i.
1549
Let i(b) = 2*b**2 + 11*b - 25. Let d be i(-8). Let g(t) = t**3 - 8*t**2 + 5*t + 5. Let q be g(5). List the prime factors of (271/(-3))/(d/q).
271
Let n(x) = -460*x + 53. Let j be n(-10). Suppose 18*c - j = 3015. Let s = c - 232. What are the prime factors of s?
2, 97
Let x = 773 + -759. List the prime factors of (-4 - -6)*5131/x.
733
Let t(v) = -7*v + 73. Let p = 237 - 247. List the prime factors of t(p).
11, 13
Let x = 84 - 77. Suppose x*z - 8130 = 3490. List the prime factors of z.
2, 5, 83
Let g(f) = 5669*f - 1356. What are the prime factors of g(7)?
38327
Suppose -3*y - 5*g = -26, 0 = -3*y + 3*g - 6*g + 24. Let k(s) = 39*s - 6. Let a be k(y). Suppose -c = 2*c - 2*l - 403, l + a = 2*c. List the prime factors of c.
131
Suppose 32746 = -178*l + 185*l. List the prime factors of l.
2, 2339
What are the prime factors of (-514264)/(2 - -2)*4/(-8)?
64283
Let h(t) = -135*t + 158. Let x be h(-3). Suppose -2699 = -2*s - x. What are the prime factor